{"id":451,"date":"2024-10-29T17:31:13","date_gmt":"2024-10-29T16:31:13","guid":{"rendered":"https:\/\/procurementsummit.de\/booking\/?post_type=product&#038;p=451"},"modified":"2025-07-02T11:20:28","modified_gmt":"2025-07-02T09:20:28","slug":"crepes-stand","status":"publish","type":"product","link":"https:\/\/procurementsummit.de\/booking\/shop\/crepes-stand\/","title":{"rendered":"Cr\u00eapesstand"},"content":{"rendered":"<p><strong>Generiert f\u00fcr Euch herausragende Sichtbarkeit und Kontaktm\u00f6glichkeiten in unserem Messebereich mit unserem Cr\u00eapesstand.<\/strong><\/p>\n<p>Wir stellen Euch die Fl\u00e4che (+6 m\u00b2 zum Basispaket), das Equipment und Euer individuelles Branding.<\/p>\n<p>Die Cr\u00eapes werden in verschiedenen Geschmacksrichtungen (s\u00fc\u00df &amp; herzhaft) angeboten.<\/p>\n<p>Standpersonal ist mit inbegriffen.<\/p>\n","protected":false},"excerpt":{"rendered":"<p>Generiert f\u00fcr Euch herausragende Sichtbarkeit und Kontaktm\u00f6glichkeiten in unserem Messebereich mit unserem Cr\u00eapesstand. Wir stellen Euch die Fl\u00e4che (+6 m\u00b2 zum Basispaket), das Equipment und Euer individuelles Branding. Die Cr\u00eapes werden in verschiedenen Geschmacksrichtungen (s\u00fc\u00df &amp; herzhaft) angeboten. Standpersonal ist mit inbegriffen.<\/p>\n","protected":false},"featured_media":452,"comment_status":"open","ping_status":"closed","template":"","meta":[],"product_brand":[],"product_cat":[17],"product_tag":[],"class_list":{"0":"post-451","1":"product","2":"type-product","3":"status-publish","4":"has-post-thumbnail","6":"product_cat-branding","7":"entry","9":"first","10":"outofstock","11":"sold-individually","12":"taxable","13":"shipping-taxable","14":"purchasable","15":"product-type-simple"},"_links":{"self":[{"href":"https:\/\/procurementsummit.de\/booking\/wp-json\/wp\/v2\/product\/451","targetHints":{"allow":["GET"]}}],"collection":[{"href":"https:\/\/procurementsummit.de\/booking\/wp-json\/wp\/v2\/product"}],"about":[{"href":"https:\/\/procurementsummit.de\/booking\/wp-json\/wp\/v2\/types\/product"}],"replies":[{"embeddable":true,"href":"https:\/\/procurementsummit.de\/booking\/wp-json\/wp\/v2\/comments?post=451"}],"wp:featuredmedia":[{"embeddable":true,"href":"https:\/\/procurementsummit.de\/booking\/wp-json\/wp\/v2\/media\/452"}],"wp:attachment":[{"href":"https:\/\/procurementsummit.de\/booking\/wp-json\/wp\/v2\/media?parent=451"}],"wp:term":[{"taxonomy":"product_brand","embeddable":true,"href":"https:\/\/procurementsummit.de\/booking\/wp-json\/wp\/v2\/product_brand?post=451"},{"taxonomy":"product_cat","embeddable":true,"href":"https:\/\/procurementsummit.de\/booking\/wp-json\/wp\/v2\/product_cat?post=451"},{"taxonomy":"product_tag","embeddable":true,"href":"https:\/\/procurementsummit.de\/booking\/wp-json\/wp\/v2\/product_tag?post=451"}],"curies":[{"name":"wp","href":"https:\/\/api.w.org\/{rel}","templated":true}]}}