{"id":54,"date":"2021-10-28T16:04:20","date_gmt":"2021-10-28T14:04:20","guid":{"rendered":"https:\/\/procurementsummit.de\/packages\/?post_type=product&#038;p=54"},"modified":"2025-07-02T11:16:38","modified_gmt":"2025-07-02T09:16:38","slug":"wlan-mit-ihrem-namen","status":"publish","type":"product","link":"https:\/\/procurementsummit.de\/booking\/shop\/wlan-mit-ihrem-namen\/","title":{"rendered":"Sponsored WIFI"},"content":{"rendered":"<p>Wir erm\u00f6glichen allen Teilnehmern einen kostenlosen WLAN-Zugang. Anstatt einer Standard-Bezeichnung, wie \u201eProcurement &#038; Sustainability Summit\u201c k\u00f6nnte das Netzwerk \u201eWIFI_sponsored_by_your_company\u201c hei\u00dfen.<\/p>\n<p>Au\u00dferdem k\u00f6nnen Sie eine entsprechende Landingpage bereitstellen, die nach jedem Login erscheint. Diese kann z. B. auf Ihren Messestand oder einen Ansprechpartner verweisen.<\/p>\n","protected":false},"excerpt":{"rendered":"<p>Wir erm\u00f6glichen allen Teilnehmern einen kostenlosen WLAN-Zugang. Anstatt einer Standard-Bezeichnung, wie \u201eProcurement &#038; Sustainability Summit\u201c k\u00f6nnte das Netzwerk \u201eWIFI_sponsored_by_your_company\u201c hei\u00dfen. Au\u00dferdem k\u00f6nnen Sie eine entsprechende Landingpage bereitstellen, die nach jedem Login erscheint. Diese kann z. B. auf Ihren Messestand oder einen Ansprechpartner verweisen.<\/p>\n","protected":false},"featured_media":81,"comment_status":"open","ping_status":"closed","template":"","meta":[],"product_brand":[],"product_cat":[17],"product_tag":[],"class_list":{"0":"post-54","1":"product","2":"type-product","3":"status-publish","4":"has-post-thumbnail","6":"product_cat-branding","7":"entry","9":"first","10":"instock","11":"sold-individually","12":"taxable","13":"shipping-taxable","14":"purchasable","15":"product-type-simple"},"_links":{"self":[{"href":"https:\/\/procurementsummit.de\/booking\/wp-json\/wp\/v2\/product\/54","targetHints":{"allow":["GET"]}}],"collection":[{"href":"https:\/\/procurementsummit.de\/booking\/wp-json\/wp\/v2\/product"}],"about":[{"href":"https:\/\/procurementsummit.de\/booking\/wp-json\/wp\/v2\/types\/product"}],"replies":[{"embeddable":true,"href":"https:\/\/procurementsummit.de\/booking\/wp-json\/wp\/v2\/comments?post=54"}],"wp:featuredmedia":[{"embeddable":true,"href":"https:\/\/procurementsummit.de\/booking\/wp-json\/wp\/v2\/media\/81"}],"wp:attachment":[{"href":"https:\/\/procurementsummit.de\/booking\/wp-json\/wp\/v2\/media?parent=54"}],"wp:term":[{"taxonomy":"product_brand","embeddable":true,"href":"https:\/\/procurementsummit.de\/booking\/wp-json\/wp\/v2\/product_brand?post=54"},{"taxonomy":"product_cat","embeddable":true,"href":"https:\/\/procurementsummit.de\/booking\/wp-json\/wp\/v2\/product_cat?post=54"},{"taxonomy":"product_tag","embeddable":true,"href":"https:\/\/procurementsummit.de\/booking\/wp-json\/wp\/v2\/product_tag?post=54"}],"curies":[{"name":"wp","href":"https:\/\/api.w.org\/{rel}","templated":true}]}}